inder when h is divided by 8.
7
Let i(s) = -s**3 + 5*s**2 - 4*s - 7. Let u(o) = -o - 1. Let x(h) = -i(h) + 2*u(h). What is the remainder when x(5) is divided by 8?
7
Let f(q) = -2*q**2 - 11*q**2 + 11*q**2 - 4 + q - q**3. Suppose -4*w + 4*x - 28 = 0, -x = -3*x + 6. Calculate the remainder when f(w) is divided by 9.
6
Suppose 4*q - 3*u + 4 = 0, q - 4*u = -0*u - 1. Calculate the remainder when 40 is divided by 1 - 3 - 16/q.
12
Suppose 0 = -2*l - 2, l = -5*c + 3*l + 17. Suppose -5*t + 2*t = 0, 2*t = i - 34. Suppose -i = -5*q + 1. What is the remainder when q is divided by c?
1
Let f(t) = -t + 1. Let r be f(-1). Suppose -s - 28 = -2*z + s, -z = -r*s - 17. Calculate the remainder when 31 is divided by z.
9
Suppose 20 = v + 5*h - 2*h, v - 2*h - 20 = 0. What is the remainder when v is divided by 6?
2
Suppose 2*u + u - 6 = 0. Let g(y) = -y + 6. What is the remainder when g(4) is divided by u?
0
Let p = -34 - -65. Let u = -59 + 67. What is the remainder when p is divided by u?
7
Suppose -18 = -2*r - 4. What is the remainder when 13 is divided by r?
6
Let s(x) = -x - 1. Let o be s(-6). Suppose 0 = -o*b + b + 20. What is the remainder when 9 is divided by b?
4
Suppose -264 = -28*a + 17*a. Calculate the remainder when 45 is divided by a.
21
Let u = 0 - -8. Suppose u*w - 20 = 3*w. What is the remainder when 7 is divided by w?
3
Suppose -1 = -d + 4. Suppose 0*z + 15 = 3*z, -o - d*z = -45. Calculate the remainder when o is divided by (14/8)/((-2)/(-8)).
6
Let g(s) = -s - 4. Let f be g(-6). Let c = 5 - f. What is the remainder when 11 is divided by c?
2
Let x(f) = 6*f + 6. Let p(t) = t + 1. Let j(r) = -21*p(r) + 3*x(r). What is the remainder when 9 is divided by j(-3)?
3
Calculate the remainder when (-75)/60 - 162/(-8) is divided by 10.
9
Let n = 53 + -48. What is the remainder when 9 is divided by n?
4
Let u = 15 - 9. Calculate the remainder when 15 is divided by u.
3
Let j be (-2)/(4/6)*6. Let s = j + 25. Let b = -244 - -248. Calculate the remainder when s is divided by b.
3
Suppose 0 = -4*u + 2*w + 17 - 3, 0 = -5*u - 4*w + 24. Calculate the remainder when 9 is divided by u.
1
Calculate the remainder when 21 is divided by 2/(8/52) - 1/1.
9
Suppose -2*m + 4*o + 10 = -16, 4*o = 3*m - 33. Calculate the remainder when 27 is divided by m.
6
Let n(o) = o + 6. Let v be n(-6). Suppose -4*w = 2*b + 9 + 1, -4*b - 5*w - 11 = v. Suppose -6*m - 1 = -7*m. Calculate the remainder when m is divided by b.
0
Let u(w) = 41*w**2 - w - 1. Let a = -32 + 43. Calculate the remainder when u(-1) is divided by a.
8
Suppose -4*b - 21 = -3*o - 2*o, -5 = -5*b. Suppose -69 = -3*z + o*i, -i + 2*i + 92 = 4*z. What is the remainder when z is divided by 13?
10
Suppose -3*g - 5*l = -8, 0 = -3*l - 9 - 6. Calculate the remainder when 39 is divided by g.
6
Let i(q) = 2*q - 49. Let a(t) = t - 24. Let o(h) = -9*a(h) + 4*i(h). Suppose 2*l + 2*l = 0. What is the remainder when o(l) is divided by 11?
9
Let o = 483 + -222. Suppose -o = -4*m + 39. Calculate the remainder when m is divided by 19.
18
Suppose 0 = z - 5*z - 5*u + 67, -4*z + 76 = -4*u. Calculate the remainder when 51 is divided by z.
15
Let b(v) = 2*v**2 - 6*v + 4. Calculate the remainder when 23 is divided by b(4).
11
Let v be (-3)/1*(-262)/(-6). Suppose -64 = -b - 3*h, -1 = -4*h + 11. Calculate the remainder when b is divided by (-4)/(-14) + v/(-7).
17
Calculate the remainder when (-2 - 2) + 38 - 4 is divided by 11.
8
Suppose 25 = 5*v - 3*v - m, -4*v = 2*m - 54. What is the remainder when (9/(-18))/((-1)/50) is divided by v?
12
Let k = -3 - -5. Suppose k*i - g = 23, -4*i + 4*g = i - 65. Suppose 2*h = 5*h - i. What is the remainder when 4 is divided by h?
1
Suppose 1618 = 5*b + 553. What is the remainder when b is divided by 36?
33
Let k be 18/8 - (-5)/(-20). Let m(c) = 3*c - 1. Let i be m(k). Suppose -b + i*h = 6 - 33, 3*h + 19 = b. Calculate the remainder when b is divided by 4.
3
Suppose 3 = 3*w - 3. Suppose -5*q + 149 = 4*n, 0 = -3*n - q - w*q + 108. Let l = 23 + -12. What is the remainder when n is divided by l?
9
What is the remainder when 61 is divided by (-4)/(4/(-21)) - 0/2?
19
Let k = 64 + -32. Calculate the remainder when 93 is divided by k.
29
Let r(n) = -n**2 + 10*n + 4. Let g be r(8). Suppose 2*p - g = h - 3*h, 64 = 4*p - 4*h. Let z = -8 + 33. Calculate the remainder when z is divided by p.
12
Let v(d) = d**2 + 5*d + 5. Suppose 4*l + 21 = l. What is the remainder when 36 is divided by v(l)?
17
Suppose i - 4*c = 22, 2*i + 6 = -c - c. Suppose -2*v - i*o + o = -19, v + 4 = 4*o. Let t = 3 - 0. Calculate the remainder when v is divided by t.
2
Let k(q) = -q**3 - q**2 + 7*q + 5. Let a = 216 - 142. Calculate the remainder when a is divided by k(-4).
24
Let y(t) = -17*t - 18. Calculate the remainder when y(-3) is divided by 5*(14/10 - -1).
9
Suppose 12 = -4*i - 0. Let p = i + -3. Calculate the remainder when (9/p)/(3/(-56)) is divided by 10.
8
Suppose 0 = -3*p + 29 + 28. Calculate the remainder when 53 is divided by p.
15
Let m = 4 - -24. Suppose -2*k + m = 2*k. Let p(f) = f**3 - 7*f**2 + f + 1. Calculate the remainder when 22 is divided by p(k).
6
Suppose 0 = -y - n - 1, -2*y - n + 18 = -3*n. What is the remainder when 14 is divided by y?
2
Let d be 11 + 2 + (-6)/3. Suppose 2*m = m + d. What is the remainder when 43 is divided by m?
10
Let o(r) = -r**3 + 5*r**2 - 3*r + 2. What is the remainder when o(2) is divided by 2?
0
Suppose 2*d - 6*d + 14 = -5*b, -5*d = 2*b - 1. Let p be (-1 - -5)/(2/d). What is the remainder when ((-17)/p)/((-2)/4) is divided by 6?
5
Let d(g) = 17*g**2 + g + 1. Let m(l) = 5*l + 1. Let f be m(7). What is the remainder when d(-1) is divided by 318/f - 1/(-6)?
8
Suppose 3 = u - 0. Suppose -u*n = -2*n - 15. Suppose -4*c = -7*c + 12, 2*c = -4*m + 124. Calculate the remainder when m is divided by n.
14
Let v(l) = -8*l - 2. Suppose 12 = -2*a + 5*a. Let s = a + -6. What is the remainder when v(s) is divided by 5?
4
Suppose 0 = 3*t + 7 + 35. Let s = 27 + t. Calculate the remainder when s is divided by 5.
3
Let n(w) = -w**3 + 13*w**2 + 15*w + 18. What is the remainder when 126 is divided by n(14)?
30
Suppose 0 = -2*l + 2*r + 124, -l + 3*r = -3*l + 134. Let x = 89 - l. Calculate the remainder when 74 is divided by x.
24
Suppose j - 5*j + 26 = -5*m, 2*j + 3*m = 24. Let s = j + 14. What is the remainder when s is divided by 12*((-6)/9)/(-1)?
7
Let x be (-1109)/7 - 52/91. Let b = 240 + x. What is the remainder when b is divided by 21?
18
Let m = -88 - -159. Calculate the remainder when m is divided by 19.
14
Calculate the remainder when 30 is divided by (24/(-16))/(6/(-64)).
14
Let b = -173 + 254. Calculate the remainder when b is divided by 17.
13
Let a be (-10)/(-5)*375/6. Let c = a - 42. What is the remainder when c is divided by 17?
15
Let n be 4/14 - 78/(-21). Suppose -5*g - 3*o + 30 = 0, 0 = -n*g - o + 22 + 2. Suppose 51 = 4*y - 17. Calculate the remainder when y is divided by g.
5
Let q(p) = -56*p**3 + p**2 + p. Let g be q(-1). Let a = g + -14. What is the remainder when a is divided by 11?
9
Let m(c) = 2*c**3 - c**2 + 2*c - 1. What is the remainder when 9 is divided by m(1)?
1
Calculate the remainder when 67 is divided by (26 + (-12)/4)*1.
21
Let r = 99 + -26. What is the remainder when r is divided by 15?
13
Suppose 3*o - 15 = -0*o. Calculate the remainder when o is divided by 4.
1
Suppose -363 = -3*t + 4*l, 0 = 4*t - 3*l - 512 + 35. Let a be (0 - 4 - -2) + 166. Let q = a - t. Calculate the remainder when q is divided by 24.
23
Suppose 104 - 304 = -4*n. Calculate the remainder when n is divided by 13.
11
Suppose i - 4*j - j - 84 = 0, 4*i = -2*j + 380. Calculate the remainder when i is divided by 16.
14
Suppose c - 107 = -2*l - 2*l, -5*l + 137 = -2*c. Calculate the remainder when l is divided by 15.
12
Suppose 6*y - 89 = 2*y - o, 0 = -5*y - 5*o + 130. Let z = 25 + -14. What is the remainder when y is divided by z?
10
Let q = 8 + -4. Suppose -2*l + 3*l = -q*g + 99, 5*l = 15. Suppose 0 = 3*b - 5*b + 26. Calculate the remainder when g is divided by b.
11
Suppose -5 = -5*y, -3*w - 3*y + 127 = w. Calculate the remainder when 61 is divided by w.
30
Suppose 0 = 2*t - 3*k + 68, 0*k + 5*k = -5*t - 170. Let w = t + 9. Let x = -18 - w. Calculate the remainder when 12 is divided by x.
5
Let h be 5/1 - (-2 - 2). Let y(w) = 